?
7
Suppose -3*r + 0*r = 48. Let u = 5 - r. Suppose 113 = -5*g + j + 534, -5 = 5*j. What is the highest common divisor of g and u?
21
Let g = 5678 - 4878. Calculate the greatest common factor of g and 1952.
32
Let m(x) = -36*x**3 - x + 18 - 8*x + 35*x**3 - 10*x**2. Let w be m(-9). What is the highest common divisor of 153 and w?
9
Suppose -2*g = -4*m + 412, 5*m - 588 + 75 = 3*g. Calculate the greatest common divisor of 5215 and m.
35
Suppose 3*j - 18 = -3*j. Suppose -2*n + 8 = 0, -n + j*n = -5*u - 102. Let q = u - -52. Calculate the greatest common factor of q and 12.
6
Let o = -2924 + 3112. Calculate the highest common divisor of 1457 and o.
47
Suppose 7*n - 11*n = -3*p + 12, -2*p = 2*n - 8. What is the highest common factor of 2932 and p?
4
Let s(z) = 20*z**2 + 2368*z + 9485. Let c be s(-4). Calculate the greatest common factor of 1143 and c.
9
Let y = 181 - 186. Let h(r) = -r**2 - 5*r + 29. Let w be h(y). Calculate the greatest common factor of w and 667.
29
Let v(m) = 241*m + 1706. Let p be v(12). What is the highest common factor of p and 22?
22
Let w be (4732/78)/((-2)/6 + 1). Suppose w = -3*v + 406. Calculate the highest common divisor of v and 15.
15
Let m = -345 - -209. Let z = m - -145. Calculate the greatest common factor of 72 and z.
9
Let a(m) be the first derivative of 2*m**3/3 + 11*m**2/2 + 9*m + 89. Let d be a(-8). What is the greatest common factor of 7 and d?
7
Let h = 64683 - 64639. Suppose m + 144 = 4*s - 420, -2*s + 282 = -4*m. Suppose 2*x = s - 9. Calculate the greatest common divisor of h and x.
22
Suppose 4*q - 1128 = -18*p + 20*p, 3*q + 3*p - 846 = 0. Calculate the greatest common divisor of 470 and q.
94
Suppose -5*k - 684 + 664 = 0, 0 = 4*u - 4*k - 104. Let l(s) = 4*s**2 - 5*s + 2. Let p be l(-6). Calculate the greatest common factor of p and u.
22
Suppose 0*n - 2*n + 12 = 0. Let v be -1*(-30)/9*n. Suppose 6*b - b = v. Calculate the highest common factor of b and 16.
4
Let p(g) = -14*g - 450. Let f be p(-33). Let r be -1 - (-6)/(-3) - -12. Calculate the highest common factor of r and f.
3
Suppose -5*i = 5*a - 90430, 0 = -3*a - 2 - 10. Let t be (2/10*-1)/((-54)/i). Calculate the highest common divisor of t and 1072.
67
Let i(m) = m**2 + 838*m + 9989. Let r be i(-12). What is the greatest common divisor of r and 1855?
7
Let l(y) = 12 - 10*y - 2*y**2 + 9*y + 10*y + 11*y. Let j be l(10). Suppose 0 = 4*n - 60 + 12. What is the greatest common factor of n and j?
12
Let l(h) be the first derivative of 1/2*h**2 - 4*h + 12. Let x be l(15). Calculate the highest common factor of x and 88.
11
Let a(g) = -5*g**3 - 571*g**2 - 113*g + 434. Let f be a(-114). Let q be (-2)/9 - (-362)/9. What is the greatest common divisor of q and f?
40
Let k be (-2 + 6 + 0)/(8/12). Let r be 8 - k - (-3 - -2). Let g be (21/14)/(r/42). Calculate the greatest common divisor of 189 and g.
21
Suppose 5*i - 8*p - 23216 = 38234, 0 = -4*i + p + 49133. What is the highest common factor of i and 138?
138
Let x be 1 - (-5)/((-15)/114). Let w = x + 32. Let q be 0 - (2 + 1 + w). What is the highest common divisor of 22 and q?
2
Let m(f) = f**3 + 15*f**2 + 2*f - 19. Let p be m(-15). Let y = p - -57. Let x be y/(-6)*(-33)/22. What is the highest common divisor of 1 and x?
1
Let g be 6 + (-66)/6 - -80. What is the highest common divisor of g and 425?
25
Let c be (33/(-24))/11 + (-1)/(-8). Suppose -99 = -4*n + v, c = 7*n - 11*n - 5*v + 129. What is the greatest common divisor of 286 and n?
26
Suppose -145*i + 147*i = 2692. Suppose i + 474 = 14*b. Let f be (-1)/(1/(-10)*1). Calculate the highest common factor of f and b.
10
Suppose 3*r - 3*f = -r + 54, -f = -4*r + 58. Let g be (-181037)/(-149) + (-12950)/964775. Calculate the greatest common divisor of r and g.
15
Let r be 15/(-45) - 4/(24/(-566)). Calculate the greatest common divisor of 1457 and r.
47
Let d = -822 - -1417. Suppose 0 = -65*t + 60*t + d. Calculate the highest common factor of t and 17.
17
Let o be (2 - 0)*(-3)/(-2). Suppose -507 = -b + 3*g, b - 6*g = -2*g + 508. Let a be b/360 + (-3)/(-5). Calculate the highest common factor of o and a.
1
Suppose -6*w - 307 = -4561. Suppose 3*p = -517 + w. What is the greatest common factor of 1216 and p?
64
Suppose 0 = 3*c + p - 1587, 2100 = 4*c - 10*p + 14*p. What is the highest common factor of 9 and c?
9
Suppose -36*b + 34376 + 32750 + 41054 = 0. Calculate the greatest common factor of 5 and b.
5
Let v(r) = -4*r**2 - 14*r - 22. Let j be v(-11). Let t = j + 519. Let n = t + -83. Calculate the greatest common divisor of n and 12.
12
Suppose -91*w - 1490 = -15413. Suppose -14 = -z + 4. What is the highest common divisor of z and w?
9
Let s(r) = 6*r**3 + 16*r**2 - 4*r - 19. Let i be s(6). Calculate the greatest common divisor of 59 and i.
59
Let m = -5953 - -7183. What is the highest common factor of m and 120?
30
Let a = 274 + -271. Suppose 2*r - a*p - 252 = -p, -4*r = p - 479. What is the greatest common factor of 44 and r?
11
Let m be (6/5)/(6/160). Calculate the greatest common factor of 7488 and m.
32
Suppose 470 = 55*b - 190. What is the highest common factor of b and 372?
12
Let h = 13 - 10. Suppose 1 = -h*b + 19. Suppose -b*p = -p - 2*k - 71, -5*p - 2*k + 79 = 0. Calculate the greatest common divisor of p and 10.
5
Let b be 48/(-120)*-180*(-112)/(-3). What is the highest common divisor of 2496 and b?
192
Suppose 722 = -2*y - 0*y. Let u be 3/(-6) + y/(-2). Suppose b + u = 7*b. What is the highest common factor of b and 75?
15
Suppose -7*f + 12162 + 9020 = 10*f. What is the greatest common divisor of f and 70?
14
Suppose -3*f = -0*l - 5*l - 4435, l - 7345 = -5*f. Suppose -37*k + f = -32*k. Suppose -13*v - 99 + k = 0. Calculate the greatest common divisor of 20 and v.
5
Suppose 7*k - 9606 = -26*k + 5178. What is the greatest common factor of k and 4?
4
Let u = -1745 - -1945. What is the greatest common divisor of 1550 and u?
50
Let f(g) = -2018*g - 2856. Let c be f(-3). What is the highest common factor of c and 13?
13
Let a = -2389 - -3109. Calculate the highest common factor of 135 and a.
45
Suppose d - 472 = 5*o - 147, 0 = -d - 5*o + 305. What is the highest common factor of d and 225?
45
Suppose 18 = f - 0*r - 5*r, 2*f - 54 = r. Suppose 3*l = -12*k + 7*k + 505, 0 = -2*k + 5*l + 171. Calculate the highest common divisor of f and k.
14
Suppose -3*g + r = -61, -4*r + 0 - 4 = 0. Let m(k) = -24*k - 18. Suppose -2*q + 4*q = -4. Let p be m(q). Calculate the greatest common divisor of p and g.
10
Let w = -261 + 291. Suppose a - 3 - 14 = -c, c - w = -2*a. What is the greatest common factor of 481 and a?
13
Let j(o) = 78*o**2 - 3*o + 6. Suppose 2*y - 12 = 2*s, 0 = 6*s - 4*s + y. Let x be j(s). Calculate the highest common divisor of 36 and x.
36
Suppose 10*k - 15*k + 4*d + 69530 = 0, 4*k + d - 55624 = 0. Calculate the greatest common divisor of k and 85.
17
Let l be (-5*1)/(82/(-2132)). Let o be 908/13 + (-304)/52 + 6. Suppose 0 = 4*g + 3*g - o. Calculate the greatest common factor of l and g.
10
Let k(y) = 1671*y + 64. Let l be k(0). What is the greatest common factor of 5312 and l?
64
Let x be (0 - 0 - -1) + 27. Suppose 6130 - 6482 = 4*s. Let y be -9*7/(x/s). Calculate the highest common divisor of 18 and y.
18
Suppose 3*c = 3*n - 6, -n - 3*c - 2*c = 28. Let m be (-216)/(-2 - 2) + n. Calculate the highest common divisor of 204 and m.
51
Let i = -11181 - -19632. Calculate the highest common factor of 3 and i.
3
Suppose 15*k - 507 = 93. Let h(i) = -23*i - 1. Let v be h(-1). Let m be 1324/v + 6/(-33). Calculate the highest common divisor of m and k.
20
Let b = 1015 - 674. What is the highest common divisor of b and 62?
31
Suppose 15*s - 364 - 266 = 0. What is the highest common divisor of 120 and s?
6
Let f = -16 + 18. Let x(i) = i**3 - 10*i**2 + 21*i + 3. Let j be x(8). Let y = j - 17. Calculate the highest common factor of f and y.
2
Let s(y) = 93*y + 33. Let j be s(4). Suppose 3*t + 63 = j. What is the highest common divisor of t and 2166?
114
Let q = -4634 - -5074. Suppose 4*s = -s + 20. Let r be (39 - -1) + s + -4. What is the greatest common divisor of q and r?
40
Let f = -13 - -35. Suppose 2*k + 30 = 5*k. Let w be (k/4)/(-1)*(-76)/95. What is the greatest common divisor of w and f?
2
Let x = 9271 - 9069. Calculate the greatest common factor of 29189 and x.